, d = 3*m. What is the units digit of u?
3
Let u = 4 - 2. Suppose -12 = -u*o - 2. Suppose 0 = g + 2*l - 31, -o*g + 89 = -g + l. What is the tens digit of g?
2
Suppose -3*f - 2*f = 0. Suppose 149 = -2*t + 7*t + k, f = 5*t - 5*k - 125. What is the units digit of t?
9
Suppose -3*l - 83 + 11 = 0. What is the hundreds digit of 1018/6 - 8/l?
1
Let v = 59 + -55. What is the units digit of (5 - 545/15)/(v/(-18))?
1
Let h be (-2 + 4/(-3))*-6. Suppose 0*o = v - 4*o - h, -25 = -2*v + 5*o. What is the units digit of 3/((-6)/(-52)) - v?
6
Suppose 1 = m + 49. Let v be m/(2 + -4) - 3. What is the tens digit of 6/(-21) - (-510)/v?
2
Let f(p) = p**2 + 4*p - 63. What is the units digit of f(-22)?
3
Suppose -15*j = -26*j + 2123. Suppose -j - 1184 = -17*m. What is the units digit of m?
1
Let b be 1*20/(-6)*(-18)/2. What is the units digit of ((-338)/39)/(26/b - 1)?
5
Suppose -2*l - 587 = -r + 60, 4*r = 5*l + 2576. What is the units digit of r?
9
Suppose 32 = -4*k - 4*k. What is the hundreds digit of (216/(-90))/(k/290)?
1
Let k = 857 - -215. What is the tens digit of k?
7
Let m(o) be the second derivative of o**5/20 - o**4/3 - 3*o**2/2 - 2*o. Let j be m(4). What is the units digit of j*(22/(-3) - 3)?
1
Let t(o) = -o**2 + 11*o - 10. Let c be t(10). Let i(v) = v**3 - v**2 + v. Let f be i(c). What is the units digit of -1 + f + 0 + 7?
6
Let n(d) = 8 - 7*d - 1 + 6. Let f be 28/(-5) - 6/15. What is the tens digit of n(f)?
5
Let r = 54 - 58. Let q(a) = -43*a + 41. What is the hundreds digit of q(r)?
2
Let u(f) = 509*f - 778. What is the units digit of u(7)?
5
Let o be 5*2 - (0 + 0). Suppose 5*j - y - 4*y + o = 0, 3*j + 2*y = 14. Suppose -j*p = -25 + 5. What is the units digit of p?
0
Suppose 4*l = 2*k - 36, 5*k - l = 9 + 54. Let h = k + -10. Suppose h*c = 43 + 19. What is the units digit of c?
1
Suppose 61 = 5*a + 296. Let q = -147 - a. Let u = -65 - q. What is the tens digit of u?
3
Let p = -35 + 83. Suppose o - 60 = -2*l - 6, -4*l + p = o. What is the units digit of o?
0
Let d(t) = -t**3 + 26*t**2 + 30*t + 140. What is the thousands digit of d(22)?
2
Suppose -6*y + 2*x + 850 = -3*y, y + 4*x - 274 = 0. What is the tens digit of y?
8
Let t(m) = -52*m - 13. What is the tens digit of t(-9)?
5
Suppose 0 = -7*d + 828 + 47. Let q = d - 68. What is the tens digit of q?
5
Suppose 11*k - 207 - 992 = 0. Let w = 102 + k. What is the units digit of w?
1
Let q(a) = a**2 - 36*a - 8. Let b be q(-7). Suppose -b = -t - 34. What is the tens digit of t?
5
Suppose 3*d - 6 = d. Let j(w) = 14*w**2 - 5*w + 3. What is the hundreds digit of j(d)?
1
Let f = -8 + 5. Let h be (f - 17)*22/(-4). Suppose 5*m - s - 206 = -5*s, s + h = 3*m. What is the tens digit of m?
3
Let s(w) = w**2 - w + 1. Let u(m) = -5*m**2 + 15*m - 26. Let q(a) = -6*s(a) - u(a). Let j be q(-10). What is the units digit of 58/5 + 4/j?
2
Suppose -3*i + 7*i = -2*r - 94, 2*i + 5*r + 51 = 0. Let f = i - -153. What is the hundreds digit of f?
1
Let n = 12 + -9. What is the tens digit of (6/(-4))/((n + -4)/38)?
5
Let y(o) = 114*o + 11. What is the tens digit of y(5)?
8
Let q(p) = p**2 - 12*p - 9. Let l be q(13). Suppose 3*z = -c + 132, -1 = l*z + 15. What is the tens digit of c?
4
Suppose 0 = -y + 3*y + 5*p - 617, 2*p - 909 = -3*y. What is the hundreds digit of y?
3
Let n(j) = 666*j**2 + 5*j + 6. What is the tens digit of n(-1)?
6
Let o = -24 + 24. Suppose -4*x - 18 = -g + x, -4*g + x + 15 = 0. Suppose -g*l + 63 = -o*l. What is the tens digit of l?
2
What is the tens digit of 243*(-7 + (-132)/(-18))?
8
Suppose 6*c = 5 + 43. Let i = c - -36. What is the units digit of i?
4
Suppose 2*b = 4*n + b - 1140, -2*n - 3*b = -556. Suppose -192 = -4*k + n. What is the units digit of k?
9
Let b = 14 + -13. Let n be b - 4 - -4 - 4. What is the units digit of (-5)/(n + (-32)/(-12))?
5
Suppose 0*p - 52 = 4*p + 4*l, l - 41 = 5*p. Let a = p + 21. What is the units digit of ((-81)/a)/((-3)/16)?
6
Suppose -5*p - 146 = -2*x, 70 = -2*x + 3*x - p. What is the tens digit of x?
6
Suppose 20*u - 16*u = 292. What is the units digit of u?
3
What is the tens digit of 9/(342/(-4)) + 148394/38?
0
Suppose -3*w + 4 = w. Suppose i - m - w = -0, -m - 9 = 3*i. What is the tens digit of (24/16)/(i/(-44))?
3
Suppose -3*l - k - 97 = l, 2*l = 3*k - 45. Let w = l - -26. What is the units digit of (22/w)/((-3)/(-15))?
5
Let q be 0 + 4 + (-12 - -8). Suppose -1215 = -q*u - 5*u. What is the hundreds digit of u?
2
Suppose 0 = 2*a + 5*k + 4, k = a - 5. Suppose -8 = -a*v + 5*b - 22, 4*b - 16 = 0. What is the units digit of (-6)/v*-1 - -1?
4
Suppose -7*v = -3072 - 2563. What is the tens digit of v?
0
Suppose -4*i - 4 = -3*u + 7, -12 = -3*i. Suppose -u = -2*d - d. Suppose -2*r = d*r - 2*t - 104, 5*r + 4*t - 122 = 0. What is the units digit of r?
2
Let v be (393/(-3))/(5/(-10)). Let r = v + -99. What is the hundreds digit of r?
1
Let u(h) = -19*h - 3 - 11*h + 29 + 11*h - h**2. What is the units digit of u(-17)?
0
Suppose -4*f + 15 = n, 1 + 2 = n. Suppose 5*j - 3*j - 178 = -2*d, -f*j + 277 = 5*d. What is the units digit of j?
4
Let g(c) = 18*c**2 + 7*c - 12. Let t be g(-5). Let v = t + -240. Suppose v = 2*p + 55. What is the units digit of p?
4
Let n(u) = -u + 9. Let k(l) = 11*l**3 - 2. Let v(g) = -g**3 + 1. Let f(d) = -k(d) - v(d). Let j be f(1). What is the units digit of n(j)?
8
Let n = 1620 - 622. What is the units digit of n?
8
Let g = 134 + -108. What is the units digit of 20 - -10*(g/(-10) - -3)?
4
Let f(q) = 12*q + 449. What is the tens digit of f(0)?
4
Let v(l) = -l**3 - 6*l**2 - l + 14. Let f be v(-5). Let z(k) = -43*k - 47. What is the hundreds digit of z(f)?
2
Let c be 6/(-4) - (-15)/10. Suppose c*u - 5*y = -u + 4, -5*u + 3*y = -130. Suppose -5*s + u = 2*z, 3*z + 4*s - 28 = 19. What is the tens digit of z?
1
Let f(i) = i**2 - 3*i + 1. Let m be f(6). Let d be (776/(-485))/(4/5 + -1). Let q = m - d. What is the tens digit of q?
1
Let r = -3314 - -5442. What is the units digit of r?
8
Let g(y) = 10*y**3 + 6*y**2 - 2*y - 5. Let x be g(3). Suppose -x = -2*a + 31. What is the units digit of a?
2
What is the hundreds digit of -2 - 38035/(-35) - (-4)/14?
0
What is the hundreds digit of ((-4190)/(-4) - 2)*8/12?
6
Let u be (-6)/18 + (-38)/(-6). Suppose 2*d = -5*y + 9, 4*y = 3*d + d + 52. Let a = u - d. What is the tens digit of a?
1
Suppose -3*z = 3*c - 27 + 9, 0 = -2*c + 5*z - 16. Suppose -c*y - 551 = -3*j - 0*j, -3*y + 15 = 0. What is the units digit of j?
7
Let x = -2156 - -3618. What is the tens digit of x?
6
Let m = -88 + 179. Let l = m + -90. What is the units digit of l?
1
Let b(q) = 2*q**3 - 2*q**2 - 7*q + 16. What is the hundreds digit of b(8)?
8
Let l = -395 - -729. Let y = l - 178. What is the tens digit of y?
5
Suppose 3*s + 54 = -5*j + s, j - 2*s + 18 = 0. Let g be 1*(4/6)/(10/(-45)). What is the units digit of (-64)/j + 1/g?
5
What is the tens digit of 7 + (-49)/7 + -2 - -803?
0
Suppose 23 = -4*y + y + t, 5*y = -4*t - 44. Let c(g) = g**2 - 3. Let z be c(2). Let q = z - y. What is the units digit of q?
9
Let t(u) be the first derivative of -37*u**2/2 - 37*u - 15. What is the tens digit of t(-7)?
2
Let j = 10040 - 6957. What is the hundreds digit of j?
0
Let l = -1919 - -3345. What is the thousands digit of l?
1
What is the tens digit of -1186*1/(-2) - -1?
9
Let k = 15 - 39. Let i be (2 + k/9)*24. Let f = -9 - i. What is the units digit of f?
7
Suppose -5*m + 65 = 5*i, 4*i + 2*m - 93 = -31. Suppose -56 = -2*d - 4*o + 18, -5*d + 185 = 4*o. Let f = d - i. What is the tens digit of f?
1
Suppose -9*p + 3716 = -2143. What is the units digit of p?
1
Let r = -15 - -48. Suppose 5*i - 2*i + 60 = 0. Let p = r + i. What is the units digit of p?
3
Suppose -3*k - 2*k + 5*q = -680, -5*q + 376 = 3*k. Let p = k - 79. What is the units digit of p?
3
What is the tens digit of 4/(-30) + ((-3114844)/(-60))/23?
5
Let c = 305 - 180. Suppose -375 + c = -5*o. Suppose 5*h + 15 = o. What is the units digit of h?
7
What is the units digit of (180/(-24) + 7)/(2/(-1492))?
3
Suppose h = 5*h - 28. Suppose u + 2*j - h = -j, 2*u - 5*j - 3 = 0. Suppose w - 2*w - 1 = 0, -u*w = -f + 10. What is the units digit of f?
6
Let g(k) = 168*k + 119. Let j(h) = 7*h + 5. Let w(v) = -2*g(v) + 49*j(v). Let p be w(6). Let s = p + 6. What is the units digit of s?
5
Let a(k) = 17*k + 57. Let q be a(6). Let l = 193 